03 (base 13) to base 8.
12046630
Convert 8114768 (base 9) to base 11.
2491214
Convert -201230101 (base 4) to base 8.
-415421
Convert 902876 (base 10) to base 12.
3765b8
Convert 742232 (base 8) to base 6.
5143122
What is 116507 (base 8) in base 4?
21311013
Convert -999956 (base 10) to base 8.
-3641024
39023 (base 15) to base 10
182283
Convert 392799 (base 10) to base 7.
3224121
What is -980d (base 16) in base 14?
-10285
109024 (base 10) to base 7
632566
Convert -160411100 (base 7) to base 14.
-1607200
What is -1a1100 (base 12) in base 16?
-6fd50
What is -14c380 (base 13) in base 7?
-4233130
Convert -1250513 (base 6) to base 10.
-68877
-7a328 (base 11) to base 13
-40b69
200536615 (base 7) to base 16
b15b24
Convert -4672a8 (base 11) to base 3.
-1101200110101
What is -d89c (base 15) in base 3?
-2022212010
Convert -503601 (base 7) to base 2.
-10100110101101111
Convert -11011110100100110 (base 2) to base 10.
-113958
-2720530 (base 12) to base 4
-131211203310
What is 661ae7 (base 15) in base 13?
10149c7
6196266 (base 10) to base 16
5e8c2a
Convert -1090929 (base 12) to base 2.
-1100000110111000110001
Convert -21001020111 (base 3) to base 6.
-2550021
What is 130301311 (base 4) in base 9?
188624
1468051 (base 10) to base 5
333434201
-53131310 (base 6) to base 16
-17ad1a
What is 332197 (base 15) in base 13?
6743a7
Convert -43ab18 (base 14) to base 11.
-1329160
2123121130 (base 4) to base 14
127d6c
What is 1a898 (base 15) in base 6?
1503342
647b11 (base 12) to base 10
1589629
What is -1013311203 (base 4) in base 13?
-a3c11
What is -1102225 (base 10) in base 16?
-10d191
11000010111011110 (base 2) to base 12
49912
Convert -435165 (base 8) to base 11.
-9a7a1
Convert -3ec65 (base 15) to base 10.
-201920
-2003025 (base 7) to base 12
-b4936
Convert -41b63 (base 12) to base 15.
-1a8a6
What is 283836 (base 9) in base 5?
21022304
What is 2012101012002 (base 3) in base 6?
41014432
-73086 (base 9) to base 3
-2110002220
Convert -187575 (base 10) to base 7.
-1410603
What is 98844 (base 10) in base 12?
49250
What is -948738 (base 13) in base 3?
-20112112101010
What is 57e3 (base 15) in base 11?
13027
-3c79908 (base 13) to base 7
-321555546
Convert 492b6 (base 12) to base 2.
11000001001101010
6301140 (base 7) to base 9
1373036
What is -139429 (base 10) in base 9?
-232231
What is -2878944 (base 11) in base 15?
-67a652
Convert -13501050 (base 6) to base 14.
-bd3dc
11b28 (base 15) to base 11
39506
Convert b79629 (base 13) to base 5.
2100224342
3113012133 (base 4) to base 5
211143210
What is 13314055 (base 6) in base 3?
211122000022
What is -44b53 (base 15) in base 16?
-355b9
What is -27bd6 (base 14) in base 5?
-11122014
-5892905 (base 10) to base 13
-12b4335
What is 1006062 (base 10) in base 6?
33321410
-29c24 (base 13) to base 16
-13469
Convert 5160300 (base 7) to base 6.
21140313
-3a415 (base 13) to base 5
-11431342
430333 (base 9) to base 13
8c790
Convert 10001101101000110000100 (base 2) to base 9.
8653420
Convert -168225 (base 9) to base 6.
-2123252
Convert 811da (base 14) to base 8.
1136274
8164 (base 11) to base 3
112212110
Convert -3101221012 (base 5) to base 10.
-6273257
1755c (base 14) to base 4
32110332
What is -163bb5 (base 13) in base 6?
-15452041
What is 202311023133 (base 4) in base 9?
18155883
Convert -13331010143 (base 5) to base 2.
-1000001000001111111111100
What is 13123032021 (base 4) in base 11?
110a490
214530 (base 12) to base 5
113313233
10344122 (base 5) to base 8
260651
Convert 20603323 (base 7) to base 15.
2483d1
What is -203133310 (base 4) in base 7?
-1143616
-327214 (base 9) to base 10
-195547
-a2790a (base 12) to base 14
-4a2b6a
10101011000011 (base 2) to base 12
6403
Convert -1a7b79 (base 14) to base 13.
-270576
-3831183 (base 9) to base 8
-7754563
Convert -874a1a (base 11) to base 6.
-45541402
-2321315 (base 7) to base 16
-470cf
-5fc7 (base 16) to base 15
-73e9
103503b (base 15) to base 14
176c899
What is 44003110 (base 5) in base 7?
3122322
What is 347221 (base 10) in base 15?
6cd31
What is 140145126 (base 7) in base 14?
12c7916
Convert 413446 (base 9) to base 14.
65582
-de8cb (base 16) to base 15
-13015d
536356 (base 7) to base 5
10442414
What is -deefa (base 16) in base 9?
-1641536
Convert -22103101022 (base 4) to base 13.
-737162
Convert -365677 (base 9) to base 13.
-79600
Convert -11848713 (base 9) to base 16.
-58cc41
250628 (base 12) to base 9
1117105
What is -420305 (base 10) in base 3?
-210100112212
Convert 40011422 (base 5) to base 2.
1001100100000010010
What is -11100111011101010 (base 2) in base 5?
-12243011
-15135135 (base 7) to base 4
-11132332110
What is -4384538 (base 11) in base 13?
-1794495
Convert -267729 (base 12) to base 5.
-130311332
Convert -8f90b (base 16) to base 12.
-244377
-5710a (base 11) to base 3
-11012101020
What is -10570b9 (base 13) in base 11?
-28a5460
What is -32c95d (base 14) in base 12?
-6b2387
What is -1340001 (base 5) in base 8?
-65555
Convert -8b535a (base 12) to base 14.
-41dcb4
Convert -64333052 (base 7) to base 10.
-5470544
What is 23221101231 (base 4) in base 10?
3052653
Convert 16876 (base 13) to base 10.
43192
2d22f9 (base 16) to base 9
5507637
Convert -b23b9 (base 12) to base 9.
-383366
Convert -12331232220 (base 4) to base 7.
-21342516
-1064044 (base 7) to base 14
-368cb
What is -3105132 (base 10) in base 11?
-1830a28
Convert -22042 (base 12) to base 8.
-127662
1322333123 (base 4) to base 7
4165502
What is 4d313 (base 15) in base 2?
111100010100011100
What is 47124 (base 8) in base 10?
20052
What is -132645416 (base 7) in base 3?
-121011001210112
120110001220 (base 3) to base 8
1121654
Convert -2162625 (base 7) to base 10.
-267510
What is 4047512 (base 8) in base 2?
100000100111101001010
Convert 3a1581 (base 11) to base 8.
2321444
-2474552 (base 11) to base 15
-59cc69
-83167b (base 13) to base 15
-406710
-436178 (base 9) to base 16
-3f935
What is 3dc97 (base 15) in base 13?
6c514
What is -1786718 (base 11) in base 14?
-58a522
Convert 2410606 (base 7) to base 13.
a8c10
What is -42672 (base 9) in base 15?
-8588
23c1a (base 13) to base 12
32084
What is -2122020212 (base 4) in base 9?
-1162022
What is 810664 (base 9) in base 4?
1311010021
Convert -405255 (base 9) to base 2.
-111010100110110101
-224050045 (base 6) to base 5
-2023042422
Convert 23213143 (base 8) to base 12.
1837743
-192263 (base 12) to base 5
-103024100
2370494 (base 11) to base 13
b17703
-1eab20 (base 16) to base 3
-10210010001022
59634 (base 10) to base 15
12a09
-2032104 (base 5) to base 16
-827c
Convert 41120221 (base 5) to base 15.
6880b
What is 118934 (base 14) in base 5?
123200002
Convert 10750605 (base 8) to base 13.
6425c0
-2a0a33 (base 11) to base 13
-135a83
Convert 320331203 (base 4) to base 3.
102212001022
Convert -43321122 (base 5) to base 10.
-370162
What is 102444234 (base 5) in base 9?
736048
Convert 102210201001 (base 3) to base 7.
1655236
What is -68663 (base 13) in base 12?
-91b85
49e26 (base 16) to base 5
34141010
3332311020 (base 4) to base 9
1860720
Convert 218ba (base 13) to base 15.
1304e
What is 110011101111000110 (base 2) in base 4?
303233012
Convert -102450150 (base 6) to base 12.
-733956
-e8e8e (base 16) to base 14
-1ab94a
What is 100101100001001101 (base 2) in base 7?
1210016
Convert -23130 (base 11) to base 3.
-1200212010
What is -16941 (base 12) in base 6?
-410121
Convert -b2000 (base 12) to base 16.
-38880
-331222001 (base 4) to base 3
-110211102112
Convert -111244541 (base 6) to base 11.
-1165749
What is 2200100002101 (base 3) in base 8?
5334671
2064486 (base 9) to base 10
1105566
18dc98 (base 14) to base 12
367212
182682 (base 14) to base 16
cffda
33d5ca (base 14) to base 4
12233002232
Convert 29e11a (base 16) to base 12.
b0438a
What is 21103111 (base 5) in base 12?
85612
-101558 (base 10) to base 4
-120302312
Convert -216404656 (base 7) to base 4.
-302011010212
What is -10247133 (base 8) in base 6?
-114441151
-95936 (base 11) to base 8
-420440
What is -3143215 (base 6) in base 2?
-100101100000111011
What is -120123320 (base 4) in base 14?
-28692
What is 665c3 (base 15) in base 6?
10550020
-3d6c97 (base 15) to base 7
-34103551
Convert -43bb20 (base 12) to base 10.
-1078152
Convert -1650684 (base 10) to base 15.
-229159
What is -103405 (base 15) in base 5?
-144123110
Convert 456754 (base 14) to base 